48 a factor of 62304?
True
Is 152 a factor of 734616?
True
Is 5 a factor of 711962?
False
Is 2065602 a multiple of 238?
True
Is 4 a factor of 1954321?
False
Is 1066 a factor of 1014161?
False
Is 128709 a multiple of 7?
True
Is 161397 a multiple of 66?
False
Does 22 divide 32212?
False
Is 10400559 a multiple of 40?
False
Does 362 divide 504941?
False
Does 21 divide 3045942?
False
Does 35 divide 59702?
False
Does 101 divide 881023?
True
Does 127 divide 249369?
False
Is 45 a factor of 938160?
True
Is 2995998 a multiple of 27?
False
Is 22 a factor of 37891?
False
Does 564 divide 267753?
False
Does 291 divide 15500?
False
Does 13 divide 1224480?
False
Is 3 a factor of 438268?
False
Is 72 a factor of 197784?
True
Is 4615014 a multiple of 46?
False
Is 83 a factor of 4395166?
False
Does 443 divide 1449053?
True
Is 348709 a multiple of 30?
False
Does 187 divide 198968?
True
Does 12 divide 208400?
False
Is 490821 a multiple of 51?
False
Is 36097704 a multiple of 18?
True
Is 337297 a multiple of 17?
True
Does 341 divide 756679?
True
Is 958 a factor of 742450?
True
Is 60 a factor of 15180?
True
Is 7518095 a multiple of 257?
False
Is 1068 a factor of 3277590?
False
Does 12 divide 441033?
False
Is 5145263 a multiple of 783?
False
Is 57 a factor of 12675221?
False
Is 2329 a multiple of 17?
True
Does 6 divide 17664?
True
Is 1489285 a multiple of 7?
True
Does 234 divide 41134043?
False
Is 4 a factor of 6616386?
False
Is 223935 a multiple of 30?
False
Does 889 divide 1457071?
True
Is 469 a factor of 571870?
False
Is 5 a factor of 30700?
True
Does 397 divide 673479?
False
Does 482 divide 18865186?
False
Is 59 a factor of 549266?
False
Is 285335 a multiple of 48?
False
Does 34 divide 590206?
True
Does 39 divide 332982?
True
Is 181 a factor of 1029832?
False
Is 39 a factor of 280866?
False
Does 13 divide 1042626?
True
Is 250 a factor of 883687?
False
Is 59944 a multiple of 3?
False
Is 37 a factor of 5287528?
False
Is 761 a factor of 311249?
True
Is 46 a factor of 21206?
True
Is 77 a factor of 115962?
True
Is 7161598 a multiple of 30?
False
Does 75 divide 204525?
True
Does 10 divide 296310?
True
Is 3507504 a multiple of 286?
True
Is 27 a factor of 1529358?
False
Does 4 divide 551375?
False
Does 22 divide 3696?
True
Is 2561624 a multiple of 8?
True
Is 221867 a multiple of 251?
False
Is 9539694 a multiple of 1454?
True
Is 17 a factor of 623033?
True
Is 596668 a multiple of 11?
False
Is 1002408 a multiple of 14?
False
Does 1452 divide 6591665?
False
Does 71 divide 20235?
True
Is 91 a factor of 4341052?
False
Is 117 a factor of 840796?
False
Does 32 divide 161060?
False
Does 579 divide 4628470?
False
Is 317 a factor of 736391?
True
Does 168 divide 113064?
True
Is 23 a factor of 645835?
False
Does 997 divide 10853342?
True
Does 33 divide 1223053?
False
Is 18975 a multiple of 23?
True
Is 149 a factor of 202045?
False
Is 33951 a multiple of 2?
False
Is 110325 a multiple of 15?
True
Does 32 divide 1997632?
True
Is 59 a factor of 6687473?
True
Is 854667 a multiple of 65?
False
Does 412 divide 9814664?
True
Is 8 a factor of 71088?
True
Does 43 divide 2012944?
False
Does 10 divide 132890?
True
Does 236 divide 2094807?
False
Is 2503094 a multiple of 43?
False
Is 208380 a multiple of 10?
True
Is 68 a factor of 1961559?
False
Is 102223 a multiple of 2?
False
Does 104 divide 41463?
False
Is 3986 a multiple of 68?
False
Does 220 divide 3249579?
False
Does 29 divide 8631937?
True
Is 55 a factor of 1989240?
True
Is 35 a factor of 63289?
False
Does 234 divide 856748?
False
Does 2 divide 108655?
False
Does 13 divide 240253?
True
Is 16 a factor of 1119216?
True
Is 4398651 a multiple of 15?
False
Is 29542 a multiple of 63?
False
Is 180398 a multiple of 39?
False
Does 15 divide 1151?
False
Is 73164 a multiple of 134?
True
Does 262 divide 2549957?
False
Is 35 a factor of 6358548?
False
Is 15 a factor of 349650?
True
Does 3 divide 129554?
False
Is 64127 a multiple of 14?
False
Does 219 divide 1668342?
True
Does 300 divide 404700?
True
Is 10211731 a multiple of 283?
False
Does 84 divide 323833?
False
Does 434 divide 8458226?
True
Is 243810 a multiple of 70?
True
Is 22934924 a multiple of 205?
False
Is 11 a factor of 44311?
False
Is 63 a factor of 127827?
True
Does 103 divide 3198356?
True
Is 40 a factor of 161960?
True
Does 59 divide 5648424?
True
Is 186 a factor of 10416?
True
Is 73 a factor of 935933?
True
Does 316 divide 214248?
True
Does 11 divide 179930?
False
Does 12 divide 173352?
True
Is 285 a factor of 1421580?
True
Is 261602 a multiple of 23?
True
Is 3910655 a multiple of 129?
False
Is 343 a factor of 369411?
True
Is 10 a factor of 497740?
True
Is 9 a factor of 843700?
False
Does 9 divide 340389?
True
Does 214 divide 12715880?
True
Is 4535832 a multiple of 38?
True
Does 933 divide 6835492?
False
Is 32068 even?
True
Does 1467 divide 2229748?
False
Is 91759 a multiple of 89?
True
Does 20 divide 1562600?
True
Is 1141614 even?
True
Does 2 divide 48856?
True
Is 9 a factor of 10164?
False
Is 26 a factor of 599352?
True
Does 463 divide 2242704?
False
Is 114080 a multiple of 155?
True
Does 12 divide 4891259?
False
Does 49 divide 191581?
False
Is 7205066 a multiple of 11?
True
Is 132 a factor of 107342?
False
Is 797429 a multiple of 3?
False
Is 450 a factor of 1349014?
False
Does 4 divide 41387?
False
Is 531 a factor of 562145?
False
Is 15 a factor of 992337?
False
Is 34 a factor of 988618?
True
Does 13 divide 2438137?
True
Is 3867399 a multiple of 62?
False
Is 383 a factor of 991204?
True
Does 84 divide 1908732?
True
Is 139 a factor of 44202?
True
Is 1197207 a multiple of 467?
False
Is 1240117 a multiple of 571?
False
Does 444 divide 884004?
True
Does 38 divide 6878?
True
Is 37 a factor of 155992?
True
Is 27152 a multiple of 4?
True
Is 12 a factor of 2428608?
True
Does 9 divide 194488?
False
Is 4575305 a multiple of 122?
False
Is 85 a factor of 92905?
True
Is 72 a factor of 1766808?
True
Is 144 a factor of 21672470?
False
Is 16 a factor of 933004?
False
Is 17172 a multiple of 27?
True
Is 307 a factor of 8780507?
True
Is 22 a factor of 153648?
True
Does 75 divide 977307?
False
Is 382 a factor of 181832?
True
Is 1471281 a multiple of 30?
False
Does 88 divide 4048?
True
Does 338 divide 91610?
False
Is 3 a factor of 794871?
True
Is 49 a factor of 5191757?
False
Does 42 divide 1684788?
True
Does 102 divide 153200?
False
Does 24 divide 498222?
False
Does 511 divide 190097?
False
Is 82 a factor of 3467206?
True
Is 30408 a multiple of 125?
False
Is 950 a factor of 17489847?
False
Does 44 divide 57637?
False
Is 19992969 a multiple of 83?
False
Is 269420 a multiple of 709?
True
Does 22 divide 5869544?
False
Is 38 a factor of 167238?
True
Is 165934 a multiple of 34?
False
Does 32 divide 57760?
True
Is 22 a factor of 2858172?
False
Is 425 a factor of 66672?
False
Is 197875 a multiple of 17?
False
Is 2124504 a multiple of 342?
True
Does 11 divide 703593?
True
Is 125 a factor of 547001?
False
Is 842 a factor of 361287?
False
Does 6 divide 102996?
True
Is 92455 a multiple of 11?
True
Is 1051652 a multiple of 124?
False
Is 127306 a multiple of 53?
True
Does 127 divide 608330?
True
Is 30293986 a multiple of 59?
False
Is 15376713 a multiple of 885?
False
Is 35005 a multiple of 40?
False
Does 145 divide 110780?
True
Is 178 a factor of 136882?
True
Is 61042 a multiple of 84?
False
Is 333886 a multiple of 14?
True
Is 4153480 a multiple of 193?
False
Does 3 divide 714278?
False
Is 134 a factor of 100098?
True
Does 408 divide 1477776?
True
Is 89823 a multiple of 237?
True
Is 8 a factor of 238529?
False
Is 44356 a multiple of 11?
False
Is 7072884 a multiple of 273?
True
Does 58 divide 7348832?
True
Is 50 a factor of 510800?
True
Does 34 divide 5255487?
False
Is 3449900 a multiple of 5?
True
Is 14052466 a multiple of 34?
False
Is 9 a factor of 28719?
True
Is 135 a factor of 85590?
True
Does 302 divide 81669?
False
Is 239 a factor of 133123?
True
Is 4455741 a multiple of 141?
True
Is 70620 a multiple of 55?
True
Is 35787 a multiple of 151?
True
Does 2 divide 153?
False
Does 87 divide 746005?
False
Does 117 divide 1424826?
True
Is 233886 a multiple of 292?
False
Is 17 a factor of 1457172?
True
Does 79 divide 18169?
False
Is 217 a factor of 37975?
True
Does 3 divide 16336?
False
Is 13582 a multiple of 23?
False